 Give n(-4).
-5
Suppose i - 2*j = 5*i - 18, 0 = -4*j - 4. Let c(h) be the second derivative of h**4/12 - h**3 - h**2/2 - 7*h. What is c(i)?
-6
Let n(f) = -f**3 + f**2 - 2*f + 2. Let p = -3 - -5. Let b(g) = g - g**3 + g + p*g**2 - 5*g + 2. Let v(h) = -2*b(h) + 3*n(h). What is v(-2)?
6
Let r(o) = -o**2 + 5*o + 7. Let z = 23 - 16. Calculate r(z).
-7
Let r(w) = 4*w + 12. Let u(p) = -p - 1. Let y(v) = r(v) + 3*u(v). Calculate y(-4).
5
Let y = -9 - -4. Let t(z) = 2*z - 6. Let l(o) = o**3 - 8*o**2 - 8*o - 6. Let f be l(9). Let b(j) = 3*j - 11. Let k(a) = f*b(a) + y*t(a). Give k(-5).
2
Let o(j) = j - 8. Let q be o(8). Let g(y) be the first derivative of y**5/120 - 2*y**3/3 + 3. Let p(l) be the third derivative of g(l). What is p(q)?
0
Let l(u) = -2*u + 2. Let s be 1/2*(-28)/(-2). Let w = 13 - s. Suppose -3*d = -3 - w. Calculate l(d).
-4
Let v(c) = c**2 - 6*c - 3. Let x(p) = p + 1. Let o(n) = -v(n) - 4*x(n). Let q = 7 - 10. Let r be 0/(5 + -2) - q. Give o(r).
-4
Suppose -8*m + 3*m = -2*v - 108, 4*m + v = 76. Suppose -y = 4*y + m. Let f(r) = 5*r + 3*r**2 - 2*r**2 + 0*r. Give f(y).
-4
Suppose -4*x = -5*m - 2 - 47, 3*x - 4*m - 38 = 0. Let k(n) = -n + 8. Let w(i) = -i + 8. Let j(b) = 6*k(b) - 7*w(b). Determine j(x).
-2
Let k(i) be the third derivative of -i**6/180 - i**4/24 - 2*i**2. Let o(s) be the second derivative of k(s). Give o(1).
-4
Let n(r) = r**2 + 8*r - 13. Let x be (-2)/2 + ((-120)/(-3))/(-5). Calculate n(x).
-4
Let g(v) = -v**2 - 7*v - 2. Let m be g(-6). Suppose -2*l = -3*d - 10, 7 = 2*l - m*d - 5. Let y(t) = -t**3 + 3*t**2 + 2*t - 2. What is y(l)?
6
Suppose -q = -2*q. Suppose k - 4 + 0 = q. Let x(v) = -v**2 + 2*v + 3. Determine x(k).
-5
Let c(t) = 10*t**3 - 9*t**2 + t + 4. Let u(k) = -3*k**3 + 3*k**2 - 1. Let a(o) = 2*c(o) + 7*u(o). What is a(3)?
7
Let y(o) = 15*o - 14*o + 2 + 3. Suppose 25 - 5 = -5*h. Give y(h).
1
Let t(x) = 7*x**3 + x**2 + x - 1. Let a = 0 - -1. What is t(a)?
8
Let j = 2 - 2. Let v(o) be the third derivative of o**4/24 + o**3/2 + 7*o**2. Give v(j).
3
Suppose 2*l + 0*l = 6. Let f(a) be the second derivative of a**4/24 - a**2/2 + a. Let p(x) be the first derivative of f(x). What is p(l)?
3
Let z = 9 + -2. Let w(p) = p - 10. Determine w(z).
-3
Let k(t) = -t**2 - t. Let g(m) = 3*m**2 + 3*m + 1. Let o(h) = -g(h) - 2*k(h). Suppose 4*p + 3*l + 12 = 0, 2*p + 0*l = 4*l + 16. What is o(p)?
-1
Let y(a) be the second derivative of -a**5/20 - a**4/4 + a**3/2 + a**2/2 + 6*a. Let p be 2/(1 + -3 + 1). Calculate y(p).
-9
Let p(q) = -3 + 3 + 2*q**2 + 2*q**2 + 6*q - 3. Let h(l) = l**2 + l. Let y(r) = -3*h(r) + p(r). Suppose -x - 1 - 3 = 0. What is y(x)?
1
Let y(s) be the third derivative of -s**6/240 - s**5/60 - 7*s**4/24 - 2*s**2. Let t(w) be the second derivative of y(w). What is t(5)?
-17
Suppose -3*f - 2*f + o + 93 = 0, 3*f - 60 = 2*o. Suppose 4*a - f = 2. Let c(t) = -t**3 + 5*t**2 - 2*t + 5. Determine c(a).
-5
Let q be (-3)/(-6) - (-26)/(-4). Let h(t) be the third derivative of -t**5/60 - t**4/4 - 7*t**3/6 - 23*t**2. What is h(q)?
-7
Let m(d) be the second derivative of d**4/12 - d**3/2 - 5*d**2/2 + 5*d. What is m(4)?
-1
Suppose s = 3*s - 6. Suppose -2 = s*z + 10. Let y(f) = 2*f + 1. Calculate y(z).
-7
Let n be (-1 + 2/6)*3. Let i(q) be the first derivative of -5*q**2/2 + 80. What is i(n)?
10
Let g(l) = -l**2 + 2*l + 3. Let s be -6*(-2 + (-20)/(-8)). Calculate g(s).
-12
Let d(l) = 5*l + 8. Let r(j) = -11*j - 17. Let y(t) = 9*d(t) + 4*r(t). What is y(-8)?
-4
Suppose 0 + 30 = 3*y. Let p be (-32)/(-20)*y/4. Let h(w) = 2*w - 6. Give h(p).
2
Suppose -16 = 2*y - 20. Let s(u) be the first derivative of 3*u - y + 5/2*u**2. Calculate s(-2).
-7
Let l(q) = q - 1 - 3*q**2 + q - 4*q**2. Let d = 3 - 4. Let m be (-2 - -1)/(0 + d). Give l(m).
-6
Let f(r) = r**2 + 5*r. Let a be f(-5). Let u(w) = 4 - 9*w + w**2 + 9*w - 15. Calculate u(a).
-11
Let i(b) be the second derivative of b**6/360 + 7*b**5/120 + b**4/8 + b**3/6 + 2*b. Let z(p) be the second derivative of i(p). Give z(-5).
-7
Let s(o) = o**2 + 7*o + 4. Let b be s(-7). Let c(m) be the second derivative of -m**3/2 + 7*m. Determine c(b).
-12
Suppose 2*t + t = y - 13, 5*t = -20. Let x(i) = 7 + 2*i - y - 3*i + 2. Calculate x(0).
8
Let o(k) be the second derivative of k**4/12 - k**3/2 + 3*k**2/2 + 15*k. Determine o(3).
3
Suppose 2*f - 4*v = -0*f + 2, -f + 4 = -5*v. Let t(c) = -5*c**3 - c**2 - c - 1. Give t(f).
4
Let t(y) = 3*y. Let d = -29 - -34. Give t(d).
15
Let y(c) be the third derivative of c**5/30 + c**4/24 - 2*c**3/3 - 7*c**2. What is y(3)?
17
Let v(w) = 4*w - 7. Let o be v(5). Let r = 8 - o. Let m(b) = -b**2 - 6*b + 5. Give m(r).
10
Let h(p) = 3*p + 3*p - 3 + 6 - 7*p. Determine h(4).
-1
Suppose -2*t = 3*t - 65. Suppose 4*c - t = -3*q, q - 5*c + 0*c = -21. Let p(s) = 16*s**3 + s + 1. Calculate p(q).
-16
Let z(h) = -5*h**2 + 4*h**2 - 10*h + 4*h + 1. Let x = 9 - 14. Give z(x).
6
Suppose -5*a = -a - 16. Suppose -a*b = -5*b + 2. Suppose d = 4*m + 20, -b*m - 2*d = 9 + 1. Let y(f) = -f**3 - 4*f**2 + 7*f + 1. Give y(m).
-9
Let w(z) = -2*z**2 + 3*z**3 + 8 - 3*z**3 + 5*z - 5*z**2 + z**3. Determine w(6).
2
Let w be 12/54 + 104/18. Suppose -j = -w*j. Suppose j*f + f - 5 = 0. Let l(t) = t**2 - 6*t. Determine l(f).
-5
Let p(r) = -2*r + 1. Suppose 0 = 3*l - 3*w + 3, 5 = 5*l - 4*w + w. What is p(l)?
-7
Let r = 30 + -29. Let h(l) = -2 + 6 - 3*l + 1. Let y(g) = 3*g - 4. Let n(m) = 3*h(m) + 4*y(m). Give n(r).
2
Let b(x) = x + 2. Let r be 4/(-6) - ((-40)/(-3) - 6). Determine b(r).
-6
Let z(u) = -2*u - 9. Suppose 11 + 17 = -4*i. Determine z(i).
5
Let n(j) = j - 6. Let r(w) = -w + 1. Let b(x) = -n(x) - 3*r(x). Calculate b(-3).
-3
Let x(n) = -3 - 2*n**2 + 3*n + 5*n**2 - 4*n**2. Let m(g) = -5*g + 4*g + 2*g**2 - g. Let o be m(2). Determine x(o).
-7
Let o = -1 + 3. Let f(u) = 1 + 2*u**3 - o*u + 0*u + 0 - u**3. Give f(-2).
-3
Let a(x) be the third derivative of x**4/24 + x**3/6 + x**2. Suppose 4*j + 2*v - 4 = 0, 0*v + v - 4 = -4*j. Let b = -4 + j. Calculate a(b).
-2
Let a(w) be the first derivative of -w**5/60 - w**4/12 + w**3 + 1. Let b(z) be the third derivative of a(z). Give b(2).
-6
Let w(m) = -m - 8. Let b(v) = 2*v + 15. Let i be -7 - (1 - (3 - 0)). Let a(z) = i*w(z) - 2*b(z). What is a(0)?
10
Let m(f) be the third derivative of 5*f**4/24 - f**3 - 32*f**2. Determine m(4).
14
Let w(o) be the first derivative of -o**2 - 7*o + 6. Let m(j) = -3*j - 6. Let a be ((-2)/3)/(2/(-9)). Let g(y) = a*m(y) - 4*w(y). What is g(0)?
10
Let k(q) = q**2 - 4*q - 6. Let o be ((-3)/(-4))/(1/8). Determine k(o).
6
Let r(y) = y**2 + 5*y + 5. Let z(v) = 10*v**3 - 2*v**2 + 2*v - 1. Let o be z(1). Let p = 5 - o. Determine r(p).
1
Let o be (8/10)/(-2)*-10. Let b(h) = -h - o*h - 7 + 3*h. What is b(-5)?
3
Let v(o) = 7*o**2 + 2*o + 2. Let y(q) = -8*q**2 - 2*q - 3. Let k(p) = 6*v(p) + 5*y(p). Suppose 0 = 2*u + 2*c - 2, 4*u + 0*c + c = 7. What is k(u)?
9
Let i(d) = 3*d**3 - 4*d**2 - d - 3. Let g(o) = 7*o**3 - 8*o**2 - 3*o - 7. Let t(x) = 2*g(x) - 5*i(x). Let s be 2/(-4)*-2 + 2. Determine t(s).
7
Let p(c) = c**2 + 7*c + 6. Suppose 0 = -4*m + g + 1 - 18, -4 = -m + 3*g. Determine p(m).
-4
Let q(i) = i**2 + 9*i + 2. Let w(j) = 2*j**3 + 8*j**2 + 6*j + 16. Let u be w(-4). Calculate q(u).
-6
Let c(x) = -x - 7. Let a be c(-4). Let b(k) = k**2 + k - 4. Determine b(a).
2
Let i be ((-56)/16)/((-1)/(-2)). Let d(k) = -k - 7. What is d(i)?
0
Let j(x) = -x**3 + 5*x**2 - 3*x + 2. Let d(g) = -g**3 - 2*g**2 - g. Let s be d(-1). Let f = 5 + s. Calculate j(f).
-13
Suppose 4*r + 3*z - z = 10, r - 4*z + 11 = 0. Let d(y) = -7*y - 1. Calculate d(r).
-8
Let s(h) = 102 - 95 + h + h. Determine s(-5).
-3
Let v(i) be the first derivative of i**4/4 + i**2/2 + 19*i - 39. Calculate v(0).
19
Let k(r) = 0 - 6*r + 5*r - 4. Let s be k(-6). Suppose i + s + 1 = 0. Let v(b) = -b**3 - 4*b**2 - 2*b - 1. Give v(i).
-4
Let k(g) = 2*g**3 + 5*g**2 + 2*g - 2. Suppose m - 2*z + 19 = -4*m, 4*m = z - 14. Calculate k(m).
-17
Let n(l) = l**3 + 5*l**2 - 3*l - 5. Let s(g) = -2*g**2 - 3*g - 1. Let v be s(-3). Let h be 9/6*v/3. Give n(h).
10
Let n(f) = f**2 - 12*f + 6. Let o be n(11). Let p(z) be the third derivative of z**3 + 0 + 0*z**4 + 1/120*z**6 + 0*z + 1/12*z**5 + 2*z**2. Give p(o).
6
Let h(b) be the first derivative of 1 - 3*b - 1/12*b**4 - 1/2*b**2 + 1/3*b**3. Let q(f) be the first derivative o